emainder when 831003 is divided by 11.
8
What is the remainder when 5899 is divided by 255?
34
Calculate the remainder when 116469 is divided by 184.
181
Calculate the remainder when 327864 is divided by 22.
20
Calculate the remainder when 72877 is divided by 16.
13
Calculate the remainder when 999716 is divided by 11.
3
Calculate the remainder when 43546 is divided by 427.
419
Calculate the remainder when 3088 is divided by 545.
363
What is the remainder when 9256 is divided by 120?
16
What is the remainder when 5717 is divided by 197?
4
Calculate the remainder when 193255 is divided by 56.
55
Calculate the remainder when 2701 is divided by 72.
37
Calculate the remainder when 20026 is divided by 10000.
26
What is the remainder when 6262 is divided by 626?
2
Calculate the remainder when 331191 is divided by 191.
188
Calculate the remainder when 219 is divided by 96.
27
What is the remainder when 543429 is divided by 89?
84
Calculate the remainder when 3582 is divided by 861.
138
Calculate the remainder when 7338 is divided by 17.
11
What is the remainder when 2122 is divided by 1768?
354
What is the remainder when 1022 is divided by 269?
215
Calculate the remainder when 33246 is divided by 4.
2
Calculate the remainder when 17965 is divided by 3588.
25
Calculate the remainder when 15839 is divided by 3154.
69
What is the remainder when 60776 is divided by 20248?
32
What is the remainder when 8249 is divided by 8115?
134
Calculate the remainder when 17892 is divided by 10.
2
What is the remainder when 798 is divided by 177?
90
Calculate the remainder when 5165 is divided by 1244.
189
Calculate the remainder when 929 is divided by 793.
136
What is the remainder when 16743 is divided by 305?
273
What is the remainder when 623 is divided by 105?
98
Calculate the remainder when 140510 is divided by 5404.
6
Calculate the remainder when 53044 is divided by 655.
644
Calculate the remainder when 79831 is divided by 19899.
235
What is the remainder when 3348 is divided by 168?
156
Calculate the remainder when 3790 is divided by 417.
37
What is the remainder when 5784 is divided by 5783?
1
Calculate the remainder when 20473 is divided by 2033.
143
What is the remainder when 14467 is divided by 201?
196
What is the remainder when 4676 is divided by 948?
884
What is the remainder when 49988 is divided by 595?
8
What is the remainder when 94449 is divided by 34?
31
What is the remainder when 5847994 is divided by 44?
42
What is the remainder when 845359 is divided by 6453?
16
What is the remainder when 2943 is divided by 90?
63
What is the remainder when 18012 is divided by 326?
82
What is the remainder when 19235 is divided by 109?
51
Calculate the remainder when 21373 is divided by 822.
1
What is the remainder when 78143 is divided by 32?
31
What is the remainder when 617 is divided by 387?
230
What is the remainder when 9601 is divided by 1593?
43
Calculate the remainder when 2420 is divided by 172.
12
What is the remainder when 871 is divided by 134?
67
Calculate the remainder when 4149 is divided by 419.
378
Calculate the remainder when 4192434 is divided by 65.
64
Calculate the remainder when 6997 is divided by 678.
217
Calculate the remainder when 153524 is divided by 51170.
14
Calculate the remainder when 82830 is divided by 178.
60
What is the remainder when 10751 is divided by 111?
95
What is the remainder when 359909 is divided by 17993?
49
What is the remainder when 27767 is divided by 64?
55
What is the remainder when 2887 is divided by 406?
45
What is the remainder when 12884 is divided by 3207?
56
Calculate the remainder when 19640 is divided by 246.
206
Calculate the remainder when 425915 is divided by 12.
11
Calculate the remainder when 460795 is divided by 100.
95
Calculate the remainder when 109206 is divided by 34.
32
What is the remainder when 30193 is divided by 54?
7
What is the remainder when 404001 is divided by 131?
128
Calculate the remainder when 7736 is divided by 86.
82
What is the remainder when 54150 is divided by 387?
357
What is the remainder when 3496848 is divided by 173?
172
Calculate the remainder when 11125 is divided by 790.
65
Calculate the remainder when 5936 is divided by 940.
296
Calculate the remainder when 628856 is divided by 128.
120
Calculate the remainder when 3777253 is divided by 1823.
1820
What is the remainder when 23263 is divided by 12?
7
What is the remainder when 76842 is divided by 223?
130
Calculate the remainder when 6447 is divided by 2133.
48
Calculate the remainder when 17542 is divided by 120.
22
Calculate the remainder when 688 is divided by 84.
16
Calculate the remainder when 507585 is divided by 31.
22
Calculate the remainder when 841 is divided by 140.
1
Calculate the remainder when 85554 is divided by 227.
202
Calculate the remainder when 61241 is divided by 1020.
41
Calculate the remainder when 364916 is divided by 94.
8
Calculate the remainder when 48687 is divided by 34.
33
Calculate the remainder when 243047 is divided by 4.
3
What is the remainder when 21180 is divided by 1010?
980
Calculate the remainder when 833951 is divided by 42.
41
What is the remainder when 207895 is divided by 1540?
1535
Calculate the remainder when 248486 is divided by 17.
14
What is the remainder when 260032 is divided by 519?
13
Calculate the remainder when 1692 is divided by 169.
2
Calculate the remainder when 1947 is divided by 23.
15
Calculate the remainder when 28005 is divided by 1217.
14
What is the remainder when 7709 is divided by 592?
13
Calculate the remainder when 596 is divided by 120.
116
Calculate the remainder when 4603 is divided by 760.
43
Calculate the remainder when 21713 is divided by 33.
32
Calculate the remainder when 96724 is divided by 87.
67
Calculate the remainder when 33391 is divided by 261.
244
Calculate the remainder when 31163 is divided by 1637.
60
What is the remainder when 24669 is divided by 12?
9
Calculate the remainder when 3621 is divided by 52.
33
What is the remainder when 6214 is divided by 29?
8
Calculate the remainder when 9168 is divided by 193.
97
Calculate the remainder when 1568 is divided by 360.
128
Calculate the remainder when 3567867 is divided by 30.
27
Calculate the remainder when 4784 is divided by 100.
84
Calculate the remainder when 224735 is divided by 9.
5
What is the remainder when 886829 is divided by 221702?
21
What is the remainder when 2285062 is divided by 596?
594
What is the remainder when 7139 is divided by 711?
29
What is the remainder when 27883 is divided by 796?
23
What is the remainder when 426618 is divided by 166?
164
Calculate the remainder when 41631 is divided by 536.
359
What is the remainder when 13093 is divided by 313?
260
What is the remainder when 8209 is divided by 333?
217
What is the remainder when 552993 is divided by 55299?
3
What is the remainder when 818 is divided by 201?
14
Calculate the remainder when 707909 is divided by 249.
2
Calculate the remainder when 14158 is divided by 184.
174
Calculate the remainder when 2718 is divided by 186.
114
What is the remainder when 2266 is divided by 88?
66
Calculate the remainder when 27510 is divided by 273.
210
Calculate the remainder when 201667 is divided by 153.
13
Calculate the remainder when 4863 is divided by 1471.
450
What is the remainder when 21641 is divided by 21608?
33
What is the remainder when 876324 is divided by 39?
33
What is the remainder when 267892 is divided by 738?
736
Calculate the remainder when 1188 is divided by 17.
15
What is the remainder when 47067 is divided by 4704?
27
What is the remainder when 63477 is divided by 552?
549
Calculate the remainder when 3125 is divided by 143.
122
Calculate the remainder when 2079 is divided by 426.
375
Calculate the remainder when 174016 is divided by 2.
0
What is the remainder when 3827 is divided by 276?
239
What is the remainder when 10345 is divided by 65?
10
Calculate the remainder when 15953 is divided by 190.
183
Calculate the remainder when 18492 is divided by 79.
6
What is the remainder when 63159 is divided by 302?
41
Calculate the remainder when 5361 is divided by 141.
3
What is the remainder when 25285 is divided by 80?
5
Calculate the remainder when 4152 is divided by 1337.
141
What is the remai